 22*a**2 - 7*a - 26. What is the thousands digit of i(h)?
1
Suppose -3*g + 3*v = -108010 - 89426, 0 = 3*g - v - 197424. What is the ten thousands digit of g?
6
Suppose -65 = -19*f + 11. Suppose -f*q + 496 = -404. What is the units digit of q?
5
Let s = 652 + 6895. What is the hundreds digit of s?
5
Suppose -165 = 3*b - 6*b. Suppose -5*y + 5*c + 26 = 191, 125 = -4*y - 3*c. Let h = y + b. What is the tens digit of h?
2
Let l(f) = -1796*f - 281. What is the hundreds digit of l(-3)?
1
Suppose -3*g - 3*z = -17784, -61*z - 5 = -66*z. What is the units digit of g?
7
Let j(t) = t + 2. Let u(c) = 2*c + 12. Let p(b) = -3*j(b) - u(b). Let s be p(-5). Suppose s*l = 9*l - 8. What is the units digit of l?
4
Let l(v) = 20*v**3 - 5*v**2 - 4*v + 24. Let k be 377/117 + (-5)/((-135)/(-6)). What is the tens digit of l(k)?
0
Suppose -3*q - 144 = s + 4*s, -s - 3*q - 36 = 0. Let y be (100/6)/(9/s). Let x = 63 + y. What is the units digit of x?
3
Let d(i) = 14*i + 12*i - 7 - 31*i - 5. Let n be d(-3). Suppose -2*o - n*c = -74, -8 = -3*c + c. What is the tens digit of o?
3
Let x(k) = -k - 1. Let m be x(-1). Suppose m = -s - 2*j - 25, s - 6*s - j - 125 = 0. Let q = s - -72. What is the units digit of q?
7
Let y = -67 - -476. Let u = y - 139. Let d = u - 159. What is the hundreds digit of d?
1
Suppose 29957 = 3*s - 5*a, -2*a - 31894 = -3*s - 1922. Suppose s = -16*f + 4106. Let p = -244 - f. What is the hundreds digit of p?
1
Let s = 92332 + -56947. What is the ten thousands digit of s?
3
Let r(w) = -3 + 427*w**2 - 50*w - 853*w**2 + 425*w**2. What is the units digit of r(-25)?
2
Suppose -208203 = -20*x + 374785 - 85668. What is the thousands digit of x?
4
Let s(g) be the first derivative of g**2 - 70*g + 9. Let u be s(0). Let i = 85 + u. What is the tens digit of i?
1
Let x(m) be the second derivative of 13*m**3/6 + 55*m**2/2 - 137*m. What is the units digit of x(48)?
9
Let a(p) = -p**3 - 7*p**2 - 7*p - 3. Let h be a(-6). Let w be 21 - (h - (9 + -2)). Suppose -5*x = -425 - w. What is the tens digit of x?
9
Suppose -126*i - 9695 = -37*i - 295118. What is the units digit of i?
7
What is the thousands digit of (-14)/((-13)/(-99476)*-8)?
3
Suppose 92*m = 6715613 - 1722313. What is the hundreds digit of m?
2
Suppose 0 = -3*o + 9, 9*q - 978 = 7*q + 4*o. What is the tens digit of q?
9
Suppose -2*y - 4*t = -34101 - 36565, 10 = -2*t. What is the thousands digit of y?
5
Let l(t) = t**3 + 31*t**2 - 280*t - 121. What is the tens digit of l(-29)?
8
Suppose 2*i + 1290 = 7*o - 4*o, 5*o + 5*i = 2175. Suppose -q + 7*q = -o. Let n = q - -85. What is the units digit of n?
3
Suppose -15*d + 30146 = -10*d + 4*h, 0 = d - 4*h - 6010. What is the hundreds digit of d?
0
Let i be ((-42)/12 - -5)/(2/4). Suppose 4*m - 35 = -i*j, 15 = -2*j + 5*j. What is the tens digit of (-112)/280 - ((-1157)/m + 1)?
3
Suppose -91810 - 26063 = -21*c. What is the units digit of c?
3
Let i be 0/(-1 - (-5 - -6)). Let r be i/(4 - (4 + -2)). Suppose 13*m = -r*m + 1261. What is the units digit of m?
7
Let t be 0 - 1/(3/(-9)). Suppose 40*f + t = 41*f. Suppose c - f*z = 27, -3*c - 4*z = -z - 117. What is the tens digit of c?
3
Suppose -b + 19870 = h, -40*b + 99340 = -35*b - 5*h. What is the thousands digit of b?
9
Let a(o) = 5*o**2 + 4*o - 58. Suppose 2*p + 9 = 2*d - p, p - 7 = -d. What is the tens digit of a(d)?
4
Suppose 5*s = b + 3*b + 17, 0 = -s + 2*b + 1. What is the tens digit of s/35 - (-6032)/14?
3
Let i be 188/(4 - (-84)/(-20)). Let n = i + 1546. What is the hundreds digit of n?
6
Let q(r) be the third derivative of 0*r + 1/2*r**4 + 0 - 13*r**2 + 19/6*r**3. What is the units digit of q(7)?
3
Suppose -n - 9547 = -3*r, 5*r - 2*n = 4*r + 3189. What is the units digit of r?
1
Suppose 0 = -15*w + 5*w. Suppose -8 = -2*h - 5*y, 4*h + w*y = 5*y + 16. Suppose -2*b = -b - 2*j - 156, -624 = -4*b - h*j. What is the hundreds digit of b?
1
Let w be 1*63 + -4 + 4 + 2. Let b be (-152)/(-5) - 26/w. Suppose 3*k = 2*r - 65, -2*k - b = 4*r - 5*r. What is the units digit of r?
0
Let v = 2 + 52. Suppose 3*r + 2 = -2*m - 24, 0 = 5*m + 2*r + v. What is the units digit of -3*m/(-6)*(-111)/5?
1
Let h = -1472 + 2417. Suppose 7*c - 1162 = h. What is the tens digit of c?
0
Let s(h) = -h**3 - 52*h**2 - 47*h + 12. What is the tens digit of s(-53)?
1
Suppose -g = 20 + 29. What is the tens digit of (84/g)/((-4)/350)?
5
Let m(l) = 541*l - 377. What is the tens digit of m(24)?
0
Suppose 4*f = -i - i + 52, -5*f + 20 = 0. Let t be (-115)/9 + (-4)/i. Let c(n) = -5*n + 1. What is the tens digit of c(t)?
6
Suppose 0 = -4*h + 438 + 650. Let u be (-1082)/8 - (-4 + (-75)/(-20)). Let t = u + h. What is the units digit of t?
7
Let w(n) be the first derivative of n**3/3 - n**2/2 - 27*n + 27. Let l be w(-5). What is the hundreds digit of 395/l - 38/57?
1
What is the units digit of ((-1557827)/(-249))/(4/36)?
7
Let b(x) = -16 + 17*x + 22 - x**3 - 7 + 29*x**2. What is the hundreds digit of b(29)?
4
What is the hundreds digit of -60*(49/(-147))/(1/421)?
4
Let x be (-2)/10 + (-16280)/(-25). Suppose 5*n = 5*y + x + 234, 0 = -5*n + 10. What is the hundreds digit of (7 - 10)/(3/y)?
1
Let i(j) = j**3 - 7*j**2 + 2*j + 10. Let c be i(7). Let r be 2/((-4)/(-38))*1. Let s = r + c. What is the units digit of s?
3
Let d(v) = -5*v**3 + v**2 + 36*v - 298. What is the thousands digit of d(-11)?
6
Let y = 4498 - 3933. What is the hundreds digit of y?
5
Let n(y) = 3*y - 51. Suppose 108 = 7*q - 3*q. Let b be n(q). Suppose -32*l + 52 = -b*l. What is the units digit of l?
6
Suppose 0 = 33*o + 16*o + 175207 - 1983944. What is the tens digit of o?
1
Let k be (-3286)/(-3) - 11/33. What is the units digit of (1/8 - k/(-8))*3?
1
Suppose 4*j + 252 = 16*j. Suppose 628 = -20*s + j*s. What is the tens digit of s?
2
Suppose r - 4*a + 11 = -0*r, -2*r - 10 = -5*a. What is the tens digit of (-1 - 19/r)/(3/(-50))?
8
Let l(g) = 71*g**2 + 3*g - 3. Let o(t) = -36*t**2 - t + 2. Let x(f) = -4*l(f) - 7*o(f). Let w be x(4). What is the units digit of 2/4 + w/(-12)?
5
Suppose 91938 + 77882 = 14*x. What is the tens digit of x?
3
Suppose -7*w + 6*w + 3 = 0. Suppose -4*j + 47 - 3 = -2*k, 21 = j - w*k. What is the units digit of j?
9
Let t(v) = -465*v + 5148. What is the tens digit of t(-7)?
0
Let z(h) be the second derivative of -h**5/20 - h**4/12 + 101*h**2 - 72*h. What is the units digit of z(0)?
2
Let j(f) = f**2 + 4*f - 30. Let q(b) = -b**3 - b**2 + 5*b + 25. Let g be q(-5). Suppose -g = -5*t - 75. What is the tens digit of j(t)?
1
Let t = -23658 + 27976. What is the units digit of t?
8
Suppose f + 0 - 41 = 4*i, -4*i - f - 39 = 0. Let p be (4/(-5))/((-2)/i). What is the tens digit of p/(-6)*(-402)/(-4)?
6
Let y = -1812 - -8873. Suppose -21*s = -2473 - y. What is the hundreds digit of s?
4
Let i be 405/54*(-16)/(-10). Suppose -i*t = 4*t - 32. Suppose -t*s - 127 = -c + 4, 610 = 5*c - s. What is the hundreds digit of c?
1
Let n(l) be the second derivative of l**5/30 + l**4 - l**3/3 + 8*l. Let q(m) be the second derivative of n(m). What is the units digit of q(7)?
2
Let s be -1*(-9)/(-1)*(-695)/5. What is the hundreds digit of 2 + s - (-39 + 31)?
2
Suppose 5*y - 4*v - 24216 = 0, -13*y + 10*y = -5*v - 14514. What is the hundreds digit of y?
8
Let r(s) = 9*s**2 + 288*s - 128. What is the units digit of r(-34)?
4
Suppose -h - 8 = -3*h. Let r = -11545 + 11547. Suppose -r*k - h*k + 906 = 0. What is the units digit of k?
1
What is the thousands digit of -3 + (-11 + 7)/(1/(-2010))?
8
Let y(a) = 37*a - 75. Let s(x) = x**3 - 5*x**2 + 8*x - 7. Let d be s(4). What is the hundreds digit of y(d)?
2
What is the units digit of -14*(-3)/6 + (17766 - (-6 - 5))?
4
Let h = -18214 - -64874. What is the hundreds digit of h?
6
Let b be (5 - 3)*(-2 - 95). What is the tens digit of (b/(-4))/((-38)/(-12) + -3)?
9
What is the units digit of 1377/54*17232/18?
2
Suppose 4*s + 5*v + 10 = 260, -4*v + 188 = 3*s. Suppose -65*f + s*f = -90. Suppose -4*p + f = -198. What is the tens digit of p?
5
Let b = 45 - 101. Let r = 57 + b. What is the units digit of (3/(-6)*r)/((-1)/180)?
0
Let j = 2659 - -123. What is the thousands digit of j?
2
Suppose -5*t + 5370 = -0*t. Let g = 1791 - t. What is the hundreds digit of g?
7
Suppose 2 - 6 = -b. Suppose k = 3*k + b, -2*k = 2*g - 4. Suppose -13 = g*t - 221. What is the tens digit of t?
5
Let y(q)